{"id":2,"date":"2026-04-14T19:26:21","date_gmt":"2026-04-14T19:26:21","guid":{"rendered":"http:\/\/chiemgauer-stahlstich-manufaktur.de\/csm2026\/?page_id=2"},"modified":"2026-04-15T19:29:30","modified_gmt":"2026-04-15T19:29:30","slug":"sample-page","status":"publish","type":"page","link":"https:\/\/chiemgauer-stahlstich-manufaktur.de\/csm2026\/","title":{"rendered":"Druckverfahren"},"content":{"rendered":"\n<h2 class=\"wp-block-heading has-medium-gray-color has-text-color has-link-color wp-elements-f25ac0131a88870352d11c031ebd4a7d\">Unsere Druckverfahren<\/h2>\n\n\n\n<h2 class=\"wp-block-heading has-red-color has-text-color has-link-color wp-elements-8e6997d0afaba0ad70d0cd5e67e829a1\">Druckveredelungen \u2013 hochwertige Verfahren f\u00fcr besondere Anspr\u00fcche<\/h2>\n\n\n\n<p>Mit modernen und traditionellen Druckveredelungen lassen sich Produkte gezielt aufwerten und einzigartig gestalten. Ob dezente Eleganz oder auff\u00e4llige Effekte \u2013 jedes Verfahren bietet individuelle M\u00f6glichkeiten, um Haptik, Optik und Markenwirkung zu verst\u00e4rken.<\/p>\n\n\n\n<p>Im Folgenden findest du einen \u00dcberblick \u00fcber die wichtigsten Veredelungstechniken:<\/p>\n\n\n\n<hr class=\"wp-block-separator has-alpha-channel-opacity\"\/>\n\n\n\n<h3 class=\"wp-block-heading has-medium-gray-color has-text-color has-link-color wp-elements-a7cf5ff1e0f2104082b0c860b5e00138\">Hei\u00dffolienpr\u00e4gung \u2013 gl\u00e4nzende Akzente mit edler Wirkung<\/h3>\n\n\n\n<p>Die Hei\u00dffolienpr\u00e4gung ist ein hochwertiges Veredelungsverfahren, bei dem metallische oder farbige Folien mittels Hitze und Druck auf das Material \u00fcbertragen werden. Hierf\u00fcr ist ein Klischee, wahlweise in Messing oder Magnesium notwendig.<\/p>\n\n\n\n<p><strong>Vorteile:<\/strong><\/p>\n\n\n\n<ul class=\"wp-block-list\">\n<li>brillante Metallic-Effekte (Gold, Silber, Kupfer)<\/li>\n\n\n\n<li>edle Optik und sp\u00fcrbare Haptik<\/li>\n\n\n\n<li>hohe Haltbarkeit<\/li>\n\n\n\n<li>F\u00e4lschungen werden erschwert<\/li>\n<\/ul>\n\n\n\n<p><strong>Typische Anwendungen:<\/strong><br>Visitenkarten, Einladungen, Briefbogen, Verpackungen<\/p>\n\n\n\n<hr class=\"wp-block-separator has-alpha-channel-opacity\"\/>\n\n\n\n<h3 class=\"wp-block-heading has-medium-gray-color has-text-color has-link-color wp-elements-3b6ae0f53ac9979722e11a13ebbdb6b8\">Stahlstich \u2013 h\u00f6chste Pr\u00e4zision mit f\u00fchlbarer Tiefe<\/h3>\n\n\n\n<p>Der Stahlstich z\u00e4hlt zu den edelsten Druckverfahren. Auf gravierte Stahlplatten, dem sogenannten Stempel, entstehen extrem feine Linien und ein deutlich f\u00fchlbares Relief.<\/p>\n\n\n\n<p><strong>Vorteile:<\/strong><\/p>\n\n\n\n<ul class=\"wp-block-list\">\n<li>maximale Detailgenauigkeit<\/li>\n\n\n\n<li>erhabene, sp\u00fcrbare Struktur<\/li>\n\n\n\n<li>langlebige Druckqualit\u00e4t<\/li>\n<\/ul>\n\n\n\n<p><strong>Typische Anwendungen:<\/strong><br>Visitenkarten, Briefbogen, exklusive Gesch\u00e4ftsausstattung<\/p>\n\n\n\n<hr class=\"wp-block-separator has-alpha-channel-opacity\"\/>\n\n\n\n<h3 class=\"wp-block-heading has-medium-gray-color has-text-color has-link-color wp-elements-c7fb11ea472476fd33a76af09918826d\">Blindpr\u00e4gung \u2013 dezente Eleganz ohne Farbe<\/h3>\n\n\n\n<p>Die Blindpr\u00e4gung setzt auf pure Form statt Farbe. Motive werden reliefartig ins Material gepr\u00e4gt und erzeugen ein subtiles Spiel aus Licht und Schatten. Bei der erhabenen Blindpr\u00e4gung sind zudem mehrere Ebenen umsetzbar so dass ein megrstufiges Relief entsteht.<\/p>\n\n\n\n<p><strong>Vorteile:<\/strong><\/p>\n\n\n\n<ul class=\"wp-block-list\">\n<li>elegante, minimalistische Wirkung<\/li>\n\n\n\n<li>f\u00fchlbare Struktur<\/li>\n\n\n\n<li>besonders edel auf Naturpapieren<\/li>\n<\/ul>\n\n\n\n<p><strong>Typische Anwendungen:<\/strong><br>Visitenkarten, Briefb\u00f6gen, Buchcover, Verpackungen<\/p>\n\n\n\n<hr class=\"wp-block-separator has-alpha-channel-opacity\"\/>\n\n\n\n<h3 class=\"wp-block-heading has-medium-gray-color has-text-color has-link-color wp-elements-19e0c05976f7d3088d0d02db7ab4d5dc\">Farbschnitt \u2013 farbige Kanten als Design-Highlight<\/h3>\n\n\n\n<p>Beim Farbschnitt werden die Schnittkanten eines Druckprodukts nachtr\u00e4glich eingef\u00e4rbt und sorgen so f\u00fcr einen auff\u00e4lligen und modernen Look. Hier sind so gut wie alle Farben umsetzbar.<\/p>\n\n\n\n<p><strong>Vorteile:<\/strong><\/p>\n\n\n\n<ul class=\"wp-block-list\">\n<li>starke visuelle Akzente<\/li>\n\n\n\n<li>individuelle Farbgestaltung (z. B. Corporate Design)<\/li>\n\n\n\n<li>ideal f\u00fcr dicke und mehrlagige Materialien<\/li>\n<\/ul>\n\n\n\n<p><strong>Typische Anwendungen:<\/strong><br>Visitenkarten, Einladungen, hochwertige Druckprodukte<\/p>\n\n\n\n<hr class=\"wp-block-separator has-alpha-channel-opacity\"\/>\n\n\n\n<h3 class=\"wp-block-heading has-medium-gray-color has-text-color has-link-color wp-elements-2718a88f9d0c90562d548c401a605e23\">Thermoreliefdruck \u2013 f\u00fchlbare Veredelung mit 3D-Effekt<\/h3>\n\n\n\n<p>Der Thermoreliefdruck erzeugt durch Hitzeeinwirkung eine erhabene Oberfl\u00e4che auf gedruckten Motiven \u2013 ganz ohne Pr\u00e4gung der R\u00fcckseite.<\/p>\n\n\n\n<p><strong>Vorteile:<\/strong><\/p>\n\n\n\n<ul class=\"wp-block-list\">\n<li>sp\u00fcrbarer 3D-Effekt<\/li>\n\n\n\n<li>gleichm\u00e4\u00dfige Erhebung<\/li>\n\n\n\n<li>hochwertige Optik bei effizienter Umsetzung<\/li>\n<\/ul>\n\n\n\n<p><strong>Typische Anwendungen:<\/strong><br>Visitenkarten, Einladungen, Gesch\u00e4ftsausstattungen<\/p>\n\n\n\n<hr class=\"wp-block-separator has-alpha-channel-opacity\"\/>\n\n\n\n<h3 class=\"wp-block-heading has-medium-gray-color has-text-color has-link-color wp-elements-6a032f7360be82b655370402f74337e9\">Fazit \u2013 die passende Veredelung f\u00fcr deinen Auftritt<\/h3>\n\n\n\n<p>Jedes Druckverfahren hat seinen eigenen Charakter und Einsatzbereich. W\u00e4hrend Hei\u00dffolienpr\u00e4gung und Farbschnitt f\u00fcr auff\u00e4llige Akzente sorgen, stehen Stahlstich und Blindpr\u00e4gung f\u00fcr klassische Eleganz und Handwerkskunst. Der Thermoreliefdruck bietet eine moderne Alternative mit starker Haptik.<\/p>\n\n\n\n<p>Die richtige Wahl h\u00e4ngt von deinem Design, deinem Budget und der gew\u00fcnschten Wirkung ab \u2013 oft f\u00fchrt auch die Kombination mehrerer Verfahren zu besonders beeindruckenden Ergebnissen.<\/p>\n\n\n\n<hr class=\"wp-block-separator has-alpha-channel-opacity\"\/>\n\n\n\n<h3 class=\"wp-block-heading has-medium-gray-color has-text-color has-link-color wp-elements-46d65f7396b007dd0afd210d787d9a6a\">Jetzt beraten lassen<\/h3>\n\n\n\n<p>Du bist dir unsicher, welches Verfahren am besten zu deinem Projekt passt?<br>Wir beraten dich gerne und finden gemeinsam die optimale L\u00f6sung f\u00fcr deinen Auftritt.<\/p>\n\n\n\n<hr class=\"wp-block-separator has-alpha-channel-opacity\"\/>\n\n\n\n<p><\/p>\n","protected":false},"excerpt":{"rendered":"<p>Unsere Druckverfahren Druckveredelungen \u2013 hochwertige Verfahren f\u00fcr besondere Anspr\u00fcche Mit modernen und traditionellen Druckveredelungen lassen sich Produkte gezielt aufwerten und<\/p>\n<p><a href=\"https:\/\/chiemgauer-stahlstich-manufaktur.de\/csm2026\/\" class=\"more-link\">Continue reading<span class=\"screen-reader-text\">Druckverfahren<\/span><\/a><\/p>\n","protected":false},"author":1,"featured_media":0,"parent":0,"menu_order":0,"comment_status":"closed","ping_status":"open","template":"","meta":{"footnotes":""},"class_list":["post-2","page","type-page","status-publish","hentry"],"_links":{"self":[{"href":"https:\/\/chiemgauer-stahlstich-manufaktur.de\/csm2026\/wp-json\/wp\/v2\/pages\/2","targetHints":{"allow":["GET"]}}],"collection":[{"href":"https:\/\/chiemgauer-stahlstich-manufaktur.de\/csm2026\/wp-json\/wp\/v2\/pages"}],"about":[{"href":"https:\/\/chiemgauer-stahlstich-manufaktur.de\/csm2026\/wp-json\/wp\/v2\/types\/page"}],"author":[{"embeddable":true,"href":"https:\/\/chiemgauer-stahlstich-manufaktur.de\/csm2026\/wp-json\/wp\/v2\/users\/1"}],"replies":[{"embeddable":true,"href":"https:\/\/chiemgauer-stahlstich-manufaktur.de\/csm2026\/wp-json\/wp\/v2\/comments?post=2"}],"version-history":[{"count":14,"href":"https:\/\/chiemgauer-stahlstich-manufaktur.de\/csm2026\/wp-json\/wp\/v2\/pages\/2\/revisions"}],"predecessor-version":[{"id":59,"href":"https:\/\/chiemgauer-stahlstich-manufaktur.de\/csm2026\/wp-json\/wp\/v2\/pages\/2\/revisions\/59"}],"wp:attachment":[{"href":"https:\/\/chiemgauer-stahlstich-manufaktur.de\/csm2026\/wp-json\/wp\/v2\/media?parent=2"}],"curies":[{"name":"wp","href":"https:\/\/api.w.org\/{rel}","templated":true}]}}